ded by 46.
37
Calculate the remainder when 1883103 is divided by 4339.
4316
What is the remainder when 6593966 is divided by 2212?
2206
Calculate the remainder when 1174899 is divided by 55947.
12
What is the remainder when 1578200 is divided by 1578188?
12
What is the remainder when 205121 is divided by 8914?
99
Calculate the remainder when 3398235 is divided by 161820.
15
What is the remainder when 1636255 is divided by 544815?
1810
Calculate the remainder when 576058 is divided by 575621.
437
What is the remainder when 1251418 is divided by 15?
13
Calculate the remainder when 414400 is divided by 5381.
63
Calculate the remainder when 91879160 is divided by 11.
10
Calculate the remainder when 202747 is divided by 266.
55
Calculate the remainder when 2014756 is divided by 33579.
16
What is the remainder when 386098 is divided by 3885?
1483
What is the remainder when 5286710 is divided by 167?
158
What is the remainder when 48383 is divided by 8220?
7283
Calculate the remainder when 11583229 is divided by 2839.
109
What is the remainder when 647970 is divided by 83?
72
Calculate the remainder when 126741066 is divided by 819.
816
What is the remainder when 106551370 is divided by 130?
120
What is the remainder when 621917 is divided by 876?
833
What is the remainder when 1776087 is divided by 4140?
27
Calculate the remainder when 28290 is divided by 1418.
1348
Calculate the remainder when 179869 is divided by 59947.
28
Calculate the remainder when 5636692 is divided by 1878839.
175
What is the remainder when 761185 is divided by 31713?
73
Calculate the remainder when 737796 is divided by 890.
876
Calculate the remainder when 76304 is divided by 111.
47
Calculate the remainder when 44261 is divided by 7376.
5
What is the remainder when 1788770 is divided by 354?
8
What is the remainder when 18427243 is divided by 3801?
3796
What is the remainder when 27162510 is divided by 8?
6
Calculate the remainder when 91443975 is divided by 18.
15
What is the remainder when 16483364 is divided by 8?
4
What is the remainder when 82540 is divided by 82531?
9
Calculate the remainder when 399816611 is divided by 1299.
1298
What is the remainder when 6999623 is divided by 402?
401
Calculate the remainder when 7557565 is divided by 414.
409
What is the remainder when 3841066 is divided by 64017?
46
Calculate the remainder when 341886 is divided by 625.
11
What is the remainder when 207836 is divided by 20776?
76
Calculate the remainder when 29173954 is divided by 1897.
1888
What is the remainder when 5874971 is divided by 187?
179
What is the remainder when 82755 is divided by 9934?
3283
What is the remainder when 42451684 is divided by 21?
16
Calculate the remainder when 523996 is divided by 528.
220
What is the remainder when 112849396 is divided by 84913?
19
Calculate the remainder when 1290097 is divided by 194.
191
What is the remainder when 16860840 is divided by 92?
0
What is the remainder when 8147895 is divided by 3741?
3738
Calculate the remainder when 309769 is divided by 32.
9
What is the remainder when 1103698 is divided by 419?
52
What is the remainder when 126475 is divided by 494?
11
Calculate the remainder when 4469843 is divided by 341.
15
Calculate the remainder when 297943 is divided by 210.
163
Calculate the remainder when 198974246 is divided by 35.
16
What is the remainder when 68834 is divided by 5723?
158
What is the remainder when 65827 is divided by 99?
91
Calculate the remainder when 699196 is divided by 1269.
1246
Calculate the remainder when 8087436 is divided by 430.
426
Calculate the remainder when 42820 is divided by 1860.
40
Calculate the remainder when 9194616 is divided by 329.
53
Calculate the remainder when 72167 is divided by 1475.
1367
Calculate the remainder when 1354572 is divided by 473.
373
Calculate the remainder when 49165490 is divided by 676.
10
Calculate the remainder when 491929 is divided by 122979.
13
What is the remainder when 942927306 is divided by 830?
826
Calculate the remainder when 237145 is divided by 39462.
373
What is the remainder when 2171667 is divided by 2642?
2585
Calculate the remainder when 59706441 is divided by 423.
414
Calculate the remainder when 1521139 is divided by 256.
243
Calculate the remainder when 346583 is divided by 82.
51
Calculate the remainder when 34488208 is divided by 14.
6
Calculate the remainder when 173041 is divided by 156.
37
What is the remainder when 15781456 is divided by 22?
20
Calculate the remainder when 285453 is divided by 2913.
2892
What is the remainder when 292574 is divided by 68?
38
What is the remainder when 27558 is divided by 533?
375
Calculate the remainder when 19834 is divided by 2493.
2383
What is the remainder when 453439 is divided by 20606?
107
What is the remainder when 6963660 is divided by 1980?
0
Calculate the remainder when 3330170 is divided by 117.
116
Calculate the remainder when 10603860 is divided by 1070.
160
Calculate the remainder when 48701 is divided by 9683.
286
What is the remainder when 23326631 is divided by 14?
13
What is the remainder when 1329420 is divided by 221557?
78
Calculate the remainder when 56623 is divided by 8762.
4051
Calculate the remainder when 172867084 is divided by 19.
11
What is the remainder when 177583 is divided by 59?
52
What is the remainder when 3813014 is divided by 1814?
1800
What is the remainder when 11949387 is divided by 67894?
43
What is the remainder when 1333285 is divided by 405?
25
Calculate the remainder when 21617986 is divided by 463.
53
Calculate the remainder when 269124 is divided by 1979.
1959
Calculate the remainder when 314862 is divided by 5243.
282
What is the remainder when 109537490 is divided by 157835?
0
What is the remainder when 433306 is divided by 1374?
496
What is the remainder when 1920490 is divided by 87295?
0
Calculate the remainder when 248167 is divided by 339.
19
Calculate the remainder when 2475746 is divided by 26060.
46
Calculate the remainder when 7649401 is divided by 3824669.
63
Calculate the remainder when 98403853 is divided by 49201902.
49
What is the remainder when 18876 is divided by 18348?
528
Calculate the remainder when 11450110 is divided by 1632.
1630
Calculate the remainder when 26812 is divided by 4501.
4307
Calculate the remainder when 26060997 is divided by 875.
872
Calculate the remainder when 19829 is divided by 19743.
86
What is the remainder when 1246239 is divided by 1323?
1296
What is the remainder when 20793526 is divided by 313?
310
Calculate the remainder when 2716198 is divided by 4244.
38
Calculate the remainder when 455473 is divided by 14679.
424
Calculate the remainder when 2590858 is divided by 6765.
6628
Calculate the remainder when 1260095 is divided by 6772.
503
Calculate the remainder when 1386033 is divided by 153793.
1896
What is the remainder when 22163303 is divided by 968?
943
Calculate the remainder when 3554257 is divided by 355.
352
What is the remainder when 164913986 is divided by 8273?
4
Calculate the remainder when 5173757 is divided by 207.
206
Calculate the remainder when 25287550 is divided by 306.
16
Calculate the remainder when 15423757 is divided by 2570625.
7
What is the remainder when 641440 is divided by 160359?
4
Calculate the remainder when 2082812 is divided by 771.
341
What is the remainder when 18569496 is divided by 122?
120
Calculate the remainder when 30690 is divided by 756.
450
Calculate the remainder when 45707591 is divided by 121.
83
Calculate the remainder when 1146473 is divided by 829.
795
What is the remainder when 3771083 is divided by 942767?
15
What is the remainder when 2680745 is divided by 332?
177
What is the remainder when 67212 is divided by 3684?
900
What is the remainder when 24168 is divided by 11351?
1466
Calculate the remainder when 3848025 is divided by 76.
69
What is the remainder when 650367 is divided by 12?
3
What is the remainder when 2052448 is divided by 5563?
5264
What is the remainder when 32801999 is divided by 44?
43
What is the remainder when 167133 is divided by 7665?
6168
What is the remainder when 205188 is divided by 1049?
633
What is the remainder when 54252 is divided by 1896?
1164
What is the remainder when 88027 is divided by 85578?
2449
What is the 